{"id":379,"date":"2018-07-09T10:55:17","date_gmt":"2018-07-09T10:55:17","guid":{"rendered":"https:\/\/wp.xpeedstudio.com\/doors\/blue\/?page_id=379"},"modified":"2025-07-06T10:03:49","modified_gmt":"2025-07-06T10:03:49","slug":"salamano-2","status":"publish","type":"page","link":"https:\/\/www.salamano.it\/","title":{"rendered":"Home"},"content":{"rendered":"\t\t<div data-elementor-type=\"wp-post\" data-elementor-id=\"379\" class=\"elementor elementor-379\">\n\t\t\t\t\t\t<section class=\"elementor-section elementor-top-section elementor-element elementor-element-9368cbe elementor-section-full_width elementor-section-height-default elementor-section-height-default\" data-id=\"9368cbe\" data-element_type=\"section\" data-e-type=\"section\">\n\t\t\t\t\t\t<div class=\"elementor-container elementor-column-gap-no\">\n\t\t\t\t\t<div class=\"elementor-column elementor-col-100 elementor-top-column elementor-element elementor-element-50369be\" data-id=\"50369be\" data-element_type=\"column\" data-e-type=\"column\">\n\t\t\t<div class=\"elementor-widget-wrap elementor-element-populated\">\n\t\t\t\t\t\t<div class=\"elementor-element elementor-element-35ba19c elementor-widget elementor-widget-xs-doors-slider\" data-id=\"35ba19c\" data-element_type=\"widget\" data-e-type=\"widget\" data-widget_type=\"xs-doors-slider.default\">\n\t\t\t\t<div class=\"elementor-widget-container\">\n\t\t\t\t\t\n<div id=\"carousel-wrapper\">\n    <div id=\"home-carousel\" class=\"carousel slide \" data-ride=\"carousel\">\n        <div class=\"container\">\n            <div class=\"carousel-arrows\">\n                <a class=\"home-carousel-left\" href=\"#home-carousel\" data-slide=\"prev\"><i class=\"fa fa-angle-left\"><\/i><\/a>\n                <a class=\"home-carousel-right\" href=\"#home-carousel\" data-slide=\"next\"><i class=\"fa fa-angle-right\"><\/i><\/a>\n            <\/div>\n        <\/div>\n\t\t\t\t\t<div class=\"carousel-inner\">\n\t\t\t\t\n\t\t\t\t\t<div class=\"item \" style=\"background-image: url('https:\/\/www.salamano.it\/wp-content\/uploads\/2025\/07\/bg-stemma.png ')\">\n\n\t\t\t\t\t\t<div class=\"carousel-caption container\">\n\t\t\t\t\t\t\t\t\t\t\t\t\t\t\t<h1 class=\"door-slider-title animated fadeInUpBig\">You are entire <\/h1>\n\t\t\t\t\t\t\t\t\t\t\t\t\t\t\t\t\t\t\t\t\t\t<h2 class=\"door-slider-sub-title animated zoomIn\">creative world<\/h2>\n\t\t\t\t\t\t\t\t\t\t\t\t\t\t\t\t\t\t\t\t\t\t<p class=\"animated fadeInDownBig\">This is Photoshop&#039;s version of Lorem Ipsum. Proin gravida nibh vel velit auctor. Aenean sollicitudin, lorem quis bibendum auctor.<\/p>\n\t\t\t\t\t\t\t\t\t\t\t\t\t<\/div>\n\t\t\t\t\t<\/div>\n\t\t\t\t\t\t\t\t\t\n\t\t\t\t\t<div class=\"item active\" style=\"background-image: url('https:\/\/www.salamano.it\/wp-content\/uploads\/2025\/07\/bg-stemma.png ')\">\n\n\t\t\t\t\t\t<div class=\"carousel-caption container\">\n\t\t\t\t\t\t\t\t\t\t\t\t\t\t\t<h1 class=\"door-slider-title animated fadeInUpBig\">We love to design <\/h1>\n\t\t\t\t\t\t\t\t\t\t\t\t\t\t\t\t\t\t\t\t\t\t<h2 class=\"door-slider-sub-title animated zoomIn\">Awesome themes<\/h2>\n\t\t\t\t\t\t\t\t\t\t\t\t\t\t\t\t\t\t\t\t\t\t<p class=\"animated fadeInDownBig\">This is Photoshop&#039;s version of Lorem Ipsum. Proin gravida nibh vel velit auctor. Aenean sollicitudin, lorem quis bibendum auctor.<\/p>\n\t\t\t\t\t\t\t\t\t\t\t\t\t<\/div>\n\t\t\t\t\t<\/div>\n\t\t\t\t\t\t\t\t\t\n\t\t\t\t\t<div class=\"item \" style=\"background-image: url('https:\/\/www.salamano.it\/wp-content\/uploads\/2025\/07\/bg-stemma.png ')\">\n\n\t\t\t\t\t\t<div class=\"carousel-caption container\">\n\t\t\t\t\t\t\t\t\t\t\t\t\t\t\t<h1 class=\"door-slider-title animated fadeInUpBig\">We think to create <\/h1>\n\t\t\t\t\t\t\t\t\t\t\t\t\t\t\t\t\t\t\t\t\t\t<h2 class=\"door-slider-sub-title animated zoomIn\">Something Special<\/h2>\n\t\t\t\t\t\t\t\t\t\t\t\t\t\t\t\t\t\t\t\t\t\t<p class=\"animated fadeInDownBig\">This is Photoshop&#039;s version of Lorem Ipsum. Proin gravida nibh vel velit auctor. Aenean sollicitudin, lorem quis bibendum auctor.<\/p>\n\t\t\t\t\t\t\t\t\t\t\t\t\t<\/div>\n\t\t\t\t\t<\/div>\n\t\t\t\t\t\t\t\t\t\t\t\t<\/div>\n\t\t\n        <div class=\"brand-promotion\">\n            <div class=\"container\">\n                <div class=\"media row\">\n\n\t\t\t\t\t\t\t\t\t\t\t\t<div class=\"col-sm-4\">\n\t\t\t\t\t\t\t\t<div class=\"brand-content\">\n\n\t\t\t\t\t\t\t\t\t\t\t\t\t\t\t\t\t\t\t <img decoding=\"async\" width=\"150\" height=\"150\" src=\"https:\/\/www.salamano.it\/wp-content\/uploads\/2025\/07\/SALAMANO-Araldica-SALAMANDRA-500-150x150.png\" class=\"pull-left img-responsive\" alt=\"SALAMANO-Araldica-SALAMANDRA-500\" srcset=\"https:\/\/www.salamano.it\/wp-content\/uploads\/2025\/07\/SALAMANO-Araldica-SALAMANDRA-500-150x150.png 150w, https:\/\/www.salamano.it\/wp-content\/uploads\/2025\/07\/SALAMANO-Araldica-SALAMANDRA-500-475x475.png 475w\" sizes=\"(max-width: 150px) 100vw, 150px\" \/>\t\t\t\t\t\t\t\t\t\n\n\t\t\t\t\t\t\t\t\t<div class=\"media-body\">\n\n\t\t\t\t\t\t\t\t\t\t\t\t\t\t\t\t\t\t\t\t\t<a href=\"#\"><h2>Fabrizio SALAMANO<\/h2><\/a>\n\t\t\t\t\t\t\t\t\t\t\t\t\t\t\t\t\t\t\t\t\t\t\t\t\t\t\t\t\t\t\t\t<p>-<\/p>\n\t\t\t\t\t\t\t\t\t\t\t<\/div>\n\t\t\t\t\t\t\t\t<\/div>\n\t\t\t\t\t\t\t<\/div>\n\t\t\t\t\t\t\t\t<div class=\"col-sm-4\">\n\t\t\t\t\t\t\t\t<div class=\"brand-content\">\n\n\t\t\t\t\t\t\t\t\t\t\t\t\t\t\t\t\t\t\t <img decoding=\"async\" width=\"150\" height=\"150\" src=\"https:\/\/www.salamano.it\/wp-content\/uploads\/2025\/07\/SALAMANO-Araldica-ELMO-custode-di-valori-500-150x150.png\" class=\"pull-left img-responsive\" alt=\"SALAMANO-Araldica-ELMO-custode di valori-500\" srcset=\"https:\/\/www.salamano.it\/wp-content\/uploads\/2025\/07\/SALAMANO-Araldica-ELMO-custode-di-valori-500-150x150.png 150w, https:\/\/www.salamano.it\/wp-content\/uploads\/2025\/07\/SALAMANO-Araldica-ELMO-custode-di-valori-500-475x475.png 475w\" sizes=\"(max-width: 150px) 100vw, 150px\" \/>\t\t\t\t\t\t\t\t\t\n\n\t\t\t\t\t\t\t\t\t<div class=\"media-body\">\n\n\t\t\t\t\t\t\t\t\t\t\t\t\t\t\t\t\t\t\t\t\t\t<h2>Francesco SALAMANO<\/h2>\n\t\t\t\t\t\t\t\t\t\t\t\t\t\t\t\t\t\t\t\t\t\t\t\t\t\t\t\t\t\t\t\t<p>-<\/p>\n\t\t\t\t\t\t\t\t\t\t\t<\/div>\n\t\t\t\t\t\t\t\t<\/div>\n\t\t\t\t\t\t\t<\/div>\n\t\t\t\t\t\t\t\t<div class=\"col-sm-4\">\n\t\t\t\t\t\t\t\t<div class=\"brand-content\">\n\n\t\t\t\t\t\t\t\t\t\t\t\t\t\t\t\t\t\t\t <img decoding=\"async\" width=\"150\" height=\"150\" src=\"https:\/\/www.salamano.it\/wp-content\/uploads\/2025\/07\/SALAMANO-Araldica-MANO-500-150x150.png\" class=\"pull-left img-responsive\" alt=\"SALAMANO-Araldica-MANO-500\" srcset=\"https:\/\/www.salamano.it\/wp-content\/uploads\/2025\/07\/SALAMANO-Araldica-MANO-500-150x150.png 150w, https:\/\/www.salamano.it\/wp-content\/uploads\/2025\/07\/SALAMANO-Araldica-MANO-500-475x475.png 475w\" sizes=\"(max-width: 150px) 100vw, 150px\" \/>\t\t\t\t\t\t\t\t\t\n\n\t\t\t\t\t\t\t\t\t<div class=\"media-body\">\n\n\t\t\t\t\t\t\t\t\t\t\t\t\t\t\t\t\t\t\t\t\t\t<h2>Elisa SALAMANO<\/h2>\n\t\t\t\t\t\t\t\t\t\t\t\t\t\t\t\t\t\t\t\t\t\t\t\t\t\t\t\t\t\t\t\t<p>-<\/p>\n\t\t\t\t\t\t\t\t\t\t\t<\/div>\n\t\t\t\t\t\t\t\t<\/div>\n\t\t\t\t\t\t\t<\/div>\n\t\n                <\/div>\n            <\/div>\n        <\/div>\n        <!--\/#brand-promotion-->\n    <\/div> <!--\/#home-carousel-->\n<\/div>\t\t\t\t<\/div>\n\t\t\t\t<\/div>\n\t\t\t\t\t<\/div>\n\t\t<\/div>\n\t\t\t\t\t<\/div>\n\t\t<\/section>\n\t\t<div class=\"elementor-element elementor-element-4af29e6 e-flex e-con-boxed e-con e-parent\" data-id=\"4af29e6\" data-element_type=\"container\" data-e-type=\"container\">\n\t\t\t\t\t<div class=\"e-con-inner\">\n\t\t\t\t<div class=\"elementor-element elementor-element-ffd81cb elementor-widget elementor-widget-image\" data-id=\"ffd81cb\" data-element_type=\"widget\" data-e-type=\"widget\" data-widget_type=\"image.default\">\n\t\t\t\t<div class=\"elementor-widget-container\">\n\t\t\t\t\t\t\t\t\t\t\t\t\t\t\t<img loading=\"lazy\" decoding=\"async\" width=\"500\" height=\"736\" src=\"https:\/\/www.salamano.it\/wp-content\/uploads\/2025\/07\/Stemma-Araldico-SALAMANO-500.png\" class=\"attachment-large size-large wp-image-13\" alt=\"\" srcset=\"https:\/\/www.salamano.it\/wp-content\/uploads\/2025\/07\/Stemma-Araldico-SALAMANO-500.png 500w, https:\/\/www.salamano.it\/wp-content\/uploads\/2025\/07\/Stemma-Araldico-SALAMANO-500-204x300.png 204w\" sizes=\"(max-width: 500px) 100vw, 500px\" \/>\t\t\t\t\t\t\t\t\t\t\t\t\t\t\t<\/div>\n\t\t\t\t<\/div>\n\t\t\t\t\t<\/div>\n\t\t\t\t<\/div>\n\t\t<div class=\"elementor-element elementor-element-c67f0e0 e-flex e-con-boxed e-con e-parent\" data-id=\"c67f0e0\" data-element_type=\"container\" data-e-type=\"container\">\n\t\t\t\t\t<div class=\"e-con-inner\">\n\t\t\t\t<div class=\"elementor-element elementor-element-cb18a4d elementor-drop-cap-yes elementor-drop-cap-view-default elementor-widget elementor-widget-text-editor\" data-id=\"cb18a4d\" data-element_type=\"widget\" data-e-type=\"widget\" data-settings=\"{&quot;drop_cap&quot;:&quot;yes&quot;}\" data-widget_type=\"text-editor.default\">\n\t\t\t\t<div class=\"elementor-widget-container\">\n\t\t\t\t\t\t\t\t\t<blockquote class=\"wp-block-quote\"><p>Lo <strong>stemma araldico<\/strong> riassume, in una sintesi visiva, un complesso sistema di valori che hanno contraddistinto le pi\u00f9 illustri genealogie europee.<\/p><p><!-- \/wp:paragraph --><!-- wp:paragraph --><\/p><p>Ogni elemento araldico, lungi dall\u2019essere una mera decorazione, \u00e8 veicolo di un messaggio morale e di <strong>un insegnamento per i posteri<\/strong>.<\/p><p><!-- \/wp:paragraph --><!-- wp:paragraph --><\/p><p><!-- \/wp:paragraph --><!-- wp:paragraph --><\/p><p><!-- \/wp:paragraph --><!-- wp:media-text {\"mediaId\":37,\"mediaLink\":\"https:\/\/www.salamano.it\/index.php\/sample-page\/salamano-araldica-salamandra-500\/\",\"mediaType\":\"image\",\"mediaWidth\":15,\"mediaSizeSlug\":\"medium\"} --><\/p><div class=\"wp-block-media-text is-stacked-on-mobile\" style=\"grid-template-columns: 15% auto;\"><figure class=\"wp-block-media-text__media\"><img loading=\"lazy\" decoding=\"async\" width=\"158\" height=\"300\" class=\"wp-image-37 size-medium alignleft\" src=\"https:\/\/www.salamano.it\/wp-content\/uploads\/2025\/07\/SALAMANO-Araldica-SALAMANDRA-500-158x300.png\" alt=\"\" srcset=\"https:\/\/www.salamano.it\/wp-content\/uploads\/2025\/07\/SALAMANO-Araldica-SALAMANDRA-500-158x300.png 158w, https:\/\/www.salamano.it\/wp-content\/uploads\/2025\/07\/SALAMANO-Araldica-SALAMANDRA-500.png 500w\" sizes=\"(max-width: 158px) 100vw, 158px\" \/><span style=\"font-size: 18px; font-style: italic;\">La<\/span><strong style=\"font-size: 18px; font-style: italic;\"> salamandra d\u2019argento<\/strong><span style=\"font-size: 18px; font-style: italic;\">, figura centrale nel campo azzurro, allude al mito antico della creatura <\/span><strong style=\"font-size: 18px; font-style: italic;\">capace di vivere tra le fiamme senza esserne consumata<\/strong><span style=\"font-size: 18px; font-style: italic;\">.<\/span><span style=\"font-size: 18px; font-style: italic;\">Nella cultura simbolica europea, ci\u00f2 rappresenta la <\/span><strong style=\"font-size: 18px; font-style: italic;\">resilienza dello spirito di fronte alle avversit\u00e0 e la capacit\u00e0 di rigenerarsi dopo le prove pi\u00f9 ardue<\/strong><span style=\"font-size: 18px; font-style: italic;\">.<\/span><span style=\"font-size: 18px; font-style: italic;\">In ambito araldico, la salamandra non \u00e8 solo emblema di sopravvivenza ma anche di <\/span><strong style=\"font-size: 18px; font-style: italic;\">purezza e di rettitudine incorruttibile<\/strong><span style=\"font-size: 18px; font-style: italic;\">, poich\u00e9 solo ci\u00f2 che \u00e8 puro pu\u00f2 uscire illeso dal fuoco delle difficolt\u00e0.<\/span><span style=\"font-size: 18px; font-style: italic;\">Accanto a questo simbolo si staglia la <\/span><strong style=\"font-size: 18px; font-style: italic;\">mano rossa, aperta e fiera<\/strong><span style=\"font-size: 18px; font-style: italic;\"> sul campo d\u2019argento, <\/span><strong style=\"font-size: 18px; font-style: italic;\">segno universale di lealt\u00e0, trasparenza e giustizia<\/strong><span style=\"font-size: 18px; font-style: italic;\">.<\/span><\/figure><\/div><div class=\"wp-block-media-text has-media-on-the-right is-stacked-on-mobile\" style=\"grid-template-columns: auto 15%;\"><div class=\"wp-block-media-text__content\"><p><!-- \/wp:paragraph --><\/p><\/div><figure class=\"wp-block-media-text__media\"><img loading=\"lazy\" decoding=\"async\" width=\"130\" height=\"300\" class=\"wp-image-41 size-medium alignright\" src=\"https:\/\/www.salamano.it\/wp-content\/uploads\/2025\/07\/SALAMANO-Araldica-MANO-500-130x300.png\" alt=\"\" srcset=\"https:\/\/www.salamano.it\/wp-content\/uploads\/2025\/07\/SALAMANO-Araldica-MANO-500-130x300.png 130w, https:\/\/www.salamano.it\/wp-content\/uploads\/2025\/07\/SALAMANO-Araldica-MANO-500-445x1024.png 445w, https:\/\/www.salamano.it\/wp-content\/uploads\/2025\/07\/SALAMANO-Araldica-MANO-500.png 500w\" sizes=\"(max-width: 130px) 100vw, 130px\" \/><span style=\"font-size: 18px; font-style: italic;\">La mano aperta, in molte tradizioni, indica anche la v<\/span><strong style=\"font-size: 18px; font-style: italic;\">olont\u00e0 di proteggere e di soccorrere, sottolineando un\u2019etica di servizio nei confronti della comunit\u00e0<\/strong><span style=\"font-size: 18px; font-style: italic;\">.<\/span><span style=\"font-size: 18px; font-style: italic;\">L\u2019uso del <\/span><strong style=\"font-size: 18px; font-style: italic;\">rosso rimanda al coraggio e alla prontezza<\/strong><span style=\"font-size: 18px; font-style: italic;\"> di sacrificarsi per il bene comune.<\/span><span style=\"font-size: 18px; font-style: italic;\">La fascia d\u2019oro con <\/span><strong style=\"font-size: 18px; font-style: italic;\">tre stelle d\u2019azzurro<\/strong><span style=\"font-size: 18px; font-style: italic;\"> nella parte superiore non \u00e8 solo un vezzo estetico: le stelle, da sempre associate alla guida e all\u2019orientamento, qui <\/span><strong style=\"font-size: 18px; font-style: italic;\">simboleggiano la costanza nelle virt\u00f9 pi\u00f9 elevate e l\u2019aspirazione all\u2019eccellenza morale e intellettuale<\/strong><span style=\"font-size: 18px; font-style: italic;\">.<\/span><strong style=\"font-size: 18px; font-style: italic;\">L\u2019oro richiama la nobilt\u00e0 interiore<\/strong><span style=\"font-size: 18px; font-style: italic;\">, la ricchezza non tanto materiale quanto di valori e tradizione.<\/span><\/figure><\/div><p><!-- \/wp:paragraph --><!-- wp:paragraph --><\/p><p><!-- \/wp:paragraph --><!-- wp:paragraph --><\/p><p>Il motto \u201c<strong>Virtus et Fidelitas<\/strong>\u201d ribadisce l\u2019impianto etico dello stemma: la virt\u00f9, intesa come forza morale e capacit\u00e0 di discernere il bene, e la fedelt\u00e0, vista come coerenza nei propri principi e nei legami di sangue o d\u2019onore.<\/p><p><!-- \/wp:paragraph --><!-- wp:paragraph --><\/p><p><!-- \/wp:paragraph --><!-- wp:paragraph --><\/p><p><!-- \/wp:paragraph --><!-- wp:paragraph --><\/p><p><!-- \/wp:paragraph --><!-- wp:media-text {\"mediaId\":46,\"mediaLink\":\"https:\/\/www.salamano.it\/index.php\/sample-page\/salamano-araldica-elmo-custode-di-valori-500\/\",\"mediaType\":\"image\",\"mediaWidth\":25,\"mediaSizeSlug\":\"medium\"} --><\/p><div class=\"wp-block-media-text is-stacked-on-mobile\" style=\"grid-template-columns: 25% auto;\"><figure class=\"wp-block-media-text__media\"><img loading=\"lazy\" decoding=\"async\" width=\"200\" height=\"300\" class=\"wp-image-46 size-medium alignleft\" src=\"https:\/\/www.salamano.it\/wp-content\/uploads\/2025\/07\/SALAMANO-Araldica-ELMO-custode-di-valori-500-200x300.png\" alt=\"\" srcset=\"https:\/\/www.salamano.it\/wp-content\/uploads\/2025\/07\/SALAMANO-Araldica-ELMO-custode-di-valori-500-200x300.png 200w, https:\/\/www.salamano.it\/wp-content\/uploads\/2025\/07\/SALAMANO-Araldica-ELMO-custode-di-valori-500.png 500w\" sizes=\"(max-width: 200px) 100vw, 200px\" \/><span style=\"font-size: 18px; font-style: italic;\">L\u2019armatura in cima, e nello specifico dell\u2019elmo, richiama inoltre la <\/span><strong style=\"font-size: 18px; font-style: italic;\">vocazione marziale e gueriera<\/strong> <strong style=\"font-size: 18px; font-style: italic;\">ed il senso del dovere.\u00a0<\/strong><strong style=\"font-size: 18px; font-style: italic;\">L\u2019elmo rappresenta la prontezza a difendere<\/strong><span style=\"font-size: 18px; font-style: italic;\"> non solo la propria persona, ma soprattutto la propria famiglia con la sua comunit\u00e0 e i valori che lo stemma racchiude.<\/span><strong style=\"font-size: 18px; font-style: italic;\">La protezione del capo \u00e8 metafora della custodia dell&#8217;intelletto, dei pensieri e delle intenzioni pi\u00f9 nobili<\/strong><span style=\"font-size: 18px; font-style: italic;\">.<\/span><span style=\"font-size: 18px; font-style: italic;\">Nel contesto dello stemma, l\u2019elmo si pone come custode e garante delle virt\u00f9 richiamate dagli altri simboli.<\/span><\/figure><\/div><p><!-- \/wp:paragraph --><!-- wp:paragraph --><\/p><p><!-- \/wp:paragraph --><!-- wp:paragraph --><\/p><p>In sintesi, l<strong>\u2019intero apparato araldico trasmette l\u2019ideale di una stirpe temprata dalle avversit\u00e0, forte, nobile nelle intenzioni e nei gesti, che fa della giustizia e della resilienza la propria ragione d\u2019essere<\/strong>.<\/p><p><!-- \/wp:paragraph --><!-- wp:paragraph --><\/p><p><!-- \/wp:paragraph --><!-- wp:paragraph --><\/p><p><strong>Ogni dettaglio \u00e8 una lezione tramandata: la forza di affrontare le sfide, la trasparenza delle azioni, la fedelt\u00e0 incrollabile ai valori fondanti.<\/strong><\/p><\/blockquote>\t\t\t\t\t\t\t\t<\/div>\n\t\t\t\t<\/div>\n\t\t\t\t\t<\/div>\n\t\t\t\t<\/div>\n\t\t\t\t<\/div>\n\t\t","protected":false},"excerpt":{"rendered":"<p>You are entire creative world This is Photoshop&#039;s version of Lorem Ipsum. Proin gravida nibh vel velit auctor. Aenean sollicitudin, lorem quis bibendum auctor. We love to design Awesome themes This is Photoshop&#039;s version of Lorem Ipsum. Proin gravida nibh vel velit auctor. Aenean sollicitudin, lorem quis bibendum auctor. We think to create Something Special [&hellip;]<\/p>\n","protected":false},"author":1,"featured_media":0,"parent":0,"menu_order":0,"comment_status":"closed","ping_status":"closed","template":"template\/template-onepage.php","meta":{"_monsterinsights_skip_tracking":false,"_monsterinsights_sitenote_active":false,"_monsterinsights_sitenote_note":"","_monsterinsights_sitenote_category":0,"footnotes":""},"class_list":["post-379","page","type-page","status-publish","hentry"],"aioseo_notices":[],"yoast_head":"<!-- This site is optimized with the Yoast SEO plugin v27.4 - https:\/\/yoast.com\/product\/yoast-seo-wordpress\/ -->\n<title>Home - SALAMANO<\/title>\n<meta name=\"robots\" content=\"index, follow, max-snippet:-1, max-image-preview:large, max-video-preview:-1\" \/>\n<link rel=\"canonical\" href=\"https:\/\/www.salamano.it\/\" \/>\n<meta property=\"og:locale\" content=\"it_IT\" \/>\n<meta property=\"og:type\" content=\"article\" \/>\n<meta property=\"og:title\" content=\"Home - SALAMANO\" \/>\n<meta property=\"og:description\" content=\"You are entire creative world This is Photoshop&#039;s version of Lorem Ipsum. Proin gravida nibh vel velit auctor. Aenean sollicitudin, lorem quis bibendum auctor. We love to design Awesome themes This is Photoshop&#039;s version of Lorem Ipsum. Proin gravida nibh vel velit auctor. Aenean sollicitudin, lorem quis bibendum auctor. We think to create Something Special [&hellip;]\" \/>\n<meta property=\"og:url\" content=\"https:\/\/www.salamano.it\/\" \/>\n<meta property=\"og:site_name\" content=\"SALAMANO\" \/>\n<meta property=\"article:modified_time\" content=\"2025-07-06T10:03:49+00:00\" \/>\n<meta property=\"og:image\" content=\"https:\/\/www.salamano.it\/wp-content\/uploads\/2025\/07\/SALAMANO-Araldica-SALAMANDRA-500-150x150.png\" \/>\n<meta name=\"twitter:card\" content=\"summary_large_image\" \/>\n<meta name=\"twitter:label1\" content=\"Tempo di lettura stimato\" \/>\n\t<meta name=\"twitter:data1\" content=\"2 minuti\" \/>\n<script type=\"application\/ld+json\" class=\"yoast-schema-graph\">{\"@context\":\"https:\\\/\\\/schema.org\",\"@graph\":[{\"@type\":\"WebPage\",\"@id\":\"https:\\\/\\\/www.salamano.it\\\/\",\"url\":\"https:\\\/\\\/www.salamano.it\\\/\",\"name\":\"Home - SALAMANO\",\"isPartOf\":{\"@id\":\"https:\\\/\\\/www.salamano.it\\\/#website\"},\"primaryImageOfPage\":{\"@id\":\"https:\\\/\\\/www.salamano.it\\\/#primaryimage\"},\"image\":{\"@id\":\"https:\\\/\\\/www.salamano.it\\\/#primaryimage\"},\"thumbnailUrl\":\"https:\\\/\\\/www.salamano.it\\\/wp-content\\\/uploads\\\/2025\\\/07\\\/SALAMANO-Araldica-SALAMANDRA-500-150x150.png\",\"datePublished\":\"2018-07-09T10:55:17+00:00\",\"dateModified\":\"2025-07-06T10:03:49+00:00\",\"breadcrumb\":{\"@id\":\"https:\\\/\\\/www.salamano.it\\\/#breadcrumb\"},\"inLanguage\":\"it-IT\",\"potentialAction\":[{\"@type\":\"ReadAction\",\"target\":[\"https:\\\/\\\/www.salamano.it\\\/\"]}]},{\"@type\":\"ImageObject\",\"inLanguage\":\"it-IT\",\"@id\":\"https:\\\/\\\/www.salamano.it\\\/#primaryimage\",\"url\":\"https:\\\/\\\/www.salamano.it\\\/wp-content\\\/uploads\\\/2025\\\/07\\\/SALAMANO-Araldica-SALAMANDRA-500.png\",\"contentUrl\":\"https:\\\/\\\/www.salamano.it\\\/wp-content\\\/uploads\\\/2025\\\/07\\\/SALAMANO-Araldica-SALAMANDRA-500.png\",\"width\":500,\"height\":950},{\"@type\":\"BreadcrumbList\",\"@id\":\"https:\\\/\\\/www.salamano.it\\\/#breadcrumb\",\"itemListElement\":[{\"@type\":\"ListItem\",\"position\":1,\"name\":\"Home\",\"item\":\"https:\\\/\\\/www.salamano.it\\\/\"},{\"@type\":\"ListItem\",\"position\":2,\"name\":\"Home\"}]},{\"@type\":\"WebSite\",\"@id\":\"https:\\\/\\\/www.salamano.it\\\/#website\",\"url\":\"https:\\\/\\\/www.salamano.it\\\/\",\"name\":\"SALAMANO\",\"description\":\"Virtus et Fidelitas\",\"publisher\":{\"@id\":\"https:\\\/\\\/www.salamano.it\\\/#organization\"},\"potentialAction\":[{\"@type\":\"SearchAction\",\"target\":{\"@type\":\"EntryPoint\",\"urlTemplate\":\"https:\\\/\\\/www.salamano.it\\\/?s={search_term_string}\"},\"query-input\":{\"@type\":\"PropertyValueSpecification\",\"valueRequired\":true,\"valueName\":\"search_term_string\"}}],\"inLanguage\":\"it-IT\"},{\"@type\":\"Organization\",\"@id\":\"https:\\\/\\\/www.salamano.it\\\/#organization\",\"name\":\"SALAMANO\",\"url\":\"https:\\\/\\\/www.salamano.it\\\/\",\"logo\":{\"@type\":\"ImageObject\",\"inLanguage\":\"it-IT\",\"@id\":\"https:\\\/\\\/www.salamano.it\\\/#\\\/schema\\\/logo\\\/image\\\/\",\"url\":\"https:\\\/\\\/www.salamano.it\\\/wp-content\\\/uploads\\\/2025\\\/07\\\/Stemma-Araldico-SALAMANO-500.png\",\"contentUrl\":\"https:\\\/\\\/www.salamano.it\\\/wp-content\\\/uploads\\\/2025\\\/07\\\/Stemma-Araldico-SALAMANO-500.png\",\"width\":500,\"height\":736,\"caption\":\"SALAMANO\"},\"image\":{\"@id\":\"https:\\\/\\\/www.salamano.it\\\/#\\\/schema\\\/logo\\\/image\\\/\"}}]}<\/script>\n<!-- \/ Yoast SEO plugin. -->","yoast_head_json":{"title":"Home - SALAMANO","robots":{"index":"index","follow":"follow","max-snippet":"max-snippet:-1","max-image-preview":"max-image-preview:large","max-video-preview":"max-video-preview:-1"},"canonical":"https:\/\/www.salamano.it\/","og_locale":"it_IT","og_type":"article","og_title":"Home - SALAMANO","og_description":"You are entire creative world This is Photoshop&#039;s version of Lorem Ipsum. Proin gravida nibh vel velit auctor. Aenean sollicitudin, lorem quis bibendum auctor. We love to design Awesome themes This is Photoshop&#039;s version of Lorem Ipsum. Proin gravida nibh vel velit auctor. Aenean sollicitudin, lorem quis bibendum auctor. We think to create Something Special [&hellip;]","og_url":"https:\/\/www.salamano.it\/","og_site_name":"SALAMANO","article_modified_time":"2025-07-06T10:03:49+00:00","og_image":[{"url":"https:\/\/www.salamano.it\/wp-content\/uploads\/2025\/07\/SALAMANO-Araldica-SALAMANDRA-500-150x150.png","type":"","width":"","height":""}],"twitter_card":"summary_large_image","twitter_misc":{"Tempo di lettura stimato":"2 minuti"},"schema":{"@context":"https:\/\/schema.org","@graph":[{"@type":"WebPage","@id":"https:\/\/www.salamano.it\/","url":"https:\/\/www.salamano.it\/","name":"Home - SALAMANO","isPartOf":{"@id":"https:\/\/www.salamano.it\/#website"},"primaryImageOfPage":{"@id":"https:\/\/www.salamano.it\/#primaryimage"},"image":{"@id":"https:\/\/www.salamano.it\/#primaryimage"},"thumbnailUrl":"https:\/\/www.salamano.it\/wp-content\/uploads\/2025\/07\/SALAMANO-Araldica-SALAMANDRA-500-150x150.png","datePublished":"2018-07-09T10:55:17+00:00","dateModified":"2025-07-06T10:03:49+00:00","breadcrumb":{"@id":"https:\/\/www.salamano.it\/#breadcrumb"},"inLanguage":"it-IT","potentialAction":[{"@type":"ReadAction","target":["https:\/\/www.salamano.it\/"]}]},{"@type":"ImageObject","inLanguage":"it-IT","@id":"https:\/\/www.salamano.it\/#primaryimage","url":"https:\/\/www.salamano.it\/wp-content\/uploads\/2025\/07\/SALAMANO-Araldica-SALAMANDRA-500.png","contentUrl":"https:\/\/www.salamano.it\/wp-content\/uploads\/2025\/07\/SALAMANO-Araldica-SALAMANDRA-500.png","width":500,"height":950},{"@type":"BreadcrumbList","@id":"https:\/\/www.salamano.it\/#breadcrumb","itemListElement":[{"@type":"ListItem","position":1,"name":"Home","item":"https:\/\/www.salamano.it\/"},{"@type":"ListItem","position":2,"name":"Home"}]},{"@type":"WebSite","@id":"https:\/\/www.salamano.it\/#website","url":"https:\/\/www.salamano.it\/","name":"SALAMANO","description":"Virtus et Fidelitas","publisher":{"@id":"https:\/\/www.salamano.it\/#organization"},"potentialAction":[{"@type":"SearchAction","target":{"@type":"EntryPoint","urlTemplate":"https:\/\/www.salamano.it\/?s={search_term_string}"},"query-input":{"@type":"PropertyValueSpecification","valueRequired":true,"valueName":"search_term_string"}}],"inLanguage":"it-IT"},{"@type":"Organization","@id":"https:\/\/www.salamano.it\/#organization","name":"SALAMANO","url":"https:\/\/www.salamano.it\/","logo":{"@type":"ImageObject","inLanguage":"it-IT","@id":"https:\/\/www.salamano.it\/#\/schema\/logo\/image\/","url":"https:\/\/www.salamano.it\/wp-content\/uploads\/2025\/07\/Stemma-Araldico-SALAMANO-500.png","contentUrl":"https:\/\/www.salamano.it\/wp-content\/uploads\/2025\/07\/Stemma-Araldico-SALAMANO-500.png","width":500,"height":736,"caption":"SALAMANO"},"image":{"@id":"https:\/\/www.salamano.it\/#\/schema\/logo\/image\/"}}]}},"_links":{"self":[{"href":"https:\/\/www.salamano.it\/index.php\/wp-json\/wp\/v2\/pages\/379","targetHints":{"allow":["GET"]}}],"collection":[{"href":"https:\/\/www.salamano.it\/index.php\/wp-json\/wp\/v2\/pages"}],"about":[{"href":"https:\/\/www.salamano.it\/index.php\/wp-json\/wp\/v2\/types\/page"}],"author":[{"embeddable":true,"href":"https:\/\/www.salamano.it\/index.php\/wp-json\/wp\/v2\/users\/1"}],"replies":[{"embeddable":true,"href":"https:\/\/www.salamano.it\/index.php\/wp-json\/wp\/v2\/comments?post=379"}],"version-history":[{"count":20,"href":"https:\/\/www.salamano.it\/index.php\/wp-json\/wp\/v2\/pages\/379\/revisions"}],"predecessor-version":[{"id":586,"href":"https:\/\/www.salamano.it\/index.php\/wp-json\/wp\/v2\/pages\/379\/revisions\/586"}],"wp:attachment":[{"href":"https:\/\/www.salamano.it\/index.php\/wp-json\/wp\/v2\/media?parent=379"}],"curies":[{"name":"wp","href":"https:\/\/api.w.org\/{rel}","templated":true}]}}